digit of 682507?
2
What is the thousands digit of 195661?
5
What is the thousands digit of 301932?
1
What is the thousands digit of 1142243?
2
What is the millions digit of 1270732?
1
What is the hundreds digit of 91475?
4
What is the units digit of 164174?
4
What is the units digit of 9957414?
4
What is the units digit of 7860415?
5
What is the hundreds digit of 17950305?
3
What is the hundreds digit of 18923644?
6
What is the thousands digit of 501185?
1
What is the millions digit of 3136874?
3
What is the ten thousands digit of 62482?
6
What is the thousands digit of 2291222?
1
What is the hundreds digit of 30724?
7
What is the tens digit of 519181?
8
What is the units digit of 644917?
7
What is the tens digit of 87713?
1
What is the hundred thousands digit of 1176651?
1
What is the tens digit of 1722941?
4
What is the ten thousands digit of 24441703?
4
What is the tens digit of 318332?
3
What is the tens digit of 9163?
6
What is the hundreds digit of 1617108?
1
What is the units digit of 779150?
0
What is the hundred thousands digit of 167887?
1
What is the units digit of 1692811?
1
What is the thousands digit of 19235301?
5
What is the units digit of 296840?
0
What is the ten thousands digit of 4559911?
5
What is the tens digit of 23939460?
6
What is the tens digit of 954945?
4
What is the hundred thousands digit of 758213?
7
What is the hundreds digit of 5516080?
0
What is the hundreds digit of 35837?
8
What is the hundreds digit of 506576?
5
What is the hundred thousands digit of 190844?
1
What is the thousands digit of 559583?
9
What is the ten thousands digit of 1508935?
0
What is the hundreds digit of 11071540?
5
What is the ten thousands digit of 947318?
4
What is the hundreds digit of 197797?
7
What is the units digit of 717605?
5
What is the tens digit of 72207?
0
What is the hundred thousands digit of 1740408?
7
What is the thousands digit of 3355465?
5
What is the hundred thousands digit of 1576059?
5
What is the ten thousands digit of 1317980?
1
What is the units digit of 187019?
9
What is the hundred thousands digit of 227894?
2
What is the units digit of 6161563?
3
What is the ten thousands digit of 2630162?
3
What is the tens digit of 719633?
3
What is the millions digit of 4980472?
4
What is the thousands digit of 3246831?
6
What is the thousands digit of 106418?
6
What is the ten thousands digit of 1537291?
3
What is the hundred thousands digit of 19517377?
5
What is the ten thousands digit of 918793?
1
What is the hundreds digit of 136638?
6
What is the hundreds digit of 24886304?
3
What is the units digit of 392084?
4
What is the units digit of 1811169?
9
What is the hundreds digit of 480614?
6
What is the units digit of 701694?
4
What is the millions digit of 1603693?
1
What is the hundred thousands digit of 157941?
1
What is the units digit of 8775942?
2
What is the hundreds digit of 17931971?
9
What is the hundreds digit of 514660?
6
What is the hundreds digit of 1721908?
9
What is the units digit of 196484?
4
What is the millions digit of 2007897?
2
What is the hundred thousands digit of 344601?
3
What is the thousands digit of 222793?
2
What is the thousands digit of 114387?
4
What is the ten thousands digit of 13720332?
2
What is the hundred thousands digit of 3929922?
9
What is the thousands digit of 217903?
7
What is the millions digit of 19002981?
9
What is the ten thousands digit of 23524899?
2
What is the millions digit of 3660703?
3
What is the hundred thousands digit of 104517?
1
What is the units digit of 192?
2
What is the thousands digit of 1669711?
9
What is the thousands digit of 7789299?
9
What is the hundred thousands digit of 980523?
9
What is the hundreds digit of 1786555?
5
What is the units digit of 102498?
8
What is the units digit of 857810?
0
What is the thousands digit of 12281901?
1
What is the ten thousands digit of 495671?
9
What is the ten thousands digit of 68157?
6
What is the hundred thousands digit of 804420?
8
What is the tens digit of 869805?
0
What is the tens digit of 265139?
3
What is the thousands digit of 2318264?
8
What is the tens digit of 8871815?
1
What is the units digit of 6523816?
6
What is the tens digit of 1559611?
1
What is the units digit of 35500?
0
What is the tens digit of 45837?
3
What is the units digit of 817394?
4
What is the hundred thousands digit of 6849424?
8
What is the ten thousands digit of 467000?
6
What is the ten thousands digit of 307985?
0
What is the hundred thousands digit of 764088?
7
What is the units digit of 1984304?
4
What is the tens digit of 184760?
6
What is the ten thousands digit of 168167?
6
What is the hundred thousands digit of 436599?
4
What is the hundreds digit of 13533093?
0
What is the millions digit of 1659242?
1
What is the ten thousands digit of 10750995?
5
What is the ten millions digit of 10840485?
1
What is the units digit of 195015?
5
What is the hundreds digit of 149784?
7
What is the hundreds digit of 568030?
0
What is the ten thousands digit of 1604055?
0
What is the units digit of 84994?
4
What is the thousands digit of 14957508?
7
What is the millions digit of 15143018?
5
What is the ten thousands digit of 160807?
6
What is the units digit of 163641?
1
What is the hundred thousands digit of 932873?
9
What is the units digit of 68090?
0
What is the thousands digit of 733863?
3
What is the tens digit of 359816?
1
What is the thousands digit of 537590?
7
What is the units digit of 152516?
6
What is the units digit of 1698693?
3
What is the hundreds digit of 1707223?
2
What is the thousands digit of 3275250?
5
What is the tens digit of 6581?
8
What is the units digit of 517886?
6
What is the ten thousands digit of 2015674?
1
What is the hundreds digit of 4394413?
4
What is the units digit of 2466274?
4
What is the thousands digit of 1600771?
0
What is the ten thousands digit of 9253686?
5
What is the ten thousands digit of 548814?
4
What is the hundreds digit of 199476?
4
What is the millions digit of 3988893?
3
What is the tens digit of 585531?
3
What is the units digit of 1875493?
3
What is the tens digit of 8156313?
1
What is the millions digit of 4512245?
4
What is the thousands digit of 560419?
0
What is the ten thousands digit of 3691604?
9
What is the hundred thousands digit of 15740355?
7
What is the millions digit of 1555409?
1
What is the tens digit of 483874?
7
What is the thousands digit of 1864520?
4
What is the thousands digit of 840290?
0
What is the units digit of 34321522?
2
What is the hundreds digit of 135075?
0
What is the thousands digit of 322935?
2
What is the ten thousands digit of 1019269?
1
What is the units digit of 143561?
1
What is the millions digit of 4420824?
4
What is the ten thousands digit of 608522?
0
What is the tens digit of 326722?
2
What is the thousands digit of 37434?
7
What is the hundred thousands digit of 401010?
4
What is the ten thousands digit of 17779859?
7
What is the hundred thousands digit of 196850?
1
What is the hundreds digit of 7116214?
2
What is the units digit of 869972?
2
What is the hundred thousands digit of 395738?
3
What is the hundred thousands digit of 1695063?
6
What is the ten thousands digit of 430889?
3
What is the tens digit of 15140403?
0
What is the units digit of 42718?
8
What is the hundred thousands digit of 1620904?
6
What is the thousands digit of 18931897?
1
What is the units digit of 954665?
5
What is the ten thousands digit of 194849?
9
What is the hundred thousands digit of 11818257?
8
What is the units digit of 14700681?
1
What is the tens digit of 205521?
2
What is the hundreds digit of 7292877?
8
What is the units digit of 34636?
6
What is the thousands digit of 4939055?
9
What is the thousands digit of 257872?
7
What is the hundred thousands digit of 3549698?
5
What is the thousands digit of 26816401?
6
What is the millions digit of 1495638?
1
What is the ten thousands digit of 285736?
8
What is the tens digit of 25567717?
1
What is the tens digit of 6228419?
1
What is the thousands digit of 3708045?
8
What is the hundreds digit of 233169?
1
What is the hundreds digit of 5787349?
3
What is the hundreds digit of 1207768?
7
What is the hundreds digit of 67965?
9
What is the hundreds digit of 1792073?
0
What is the units digit of 328871